. Let l(r) = -m(r) + 4*t(r). Let q(k) = k**3 + 6*k**2 + 6*k + 6. Let v be q(-5). Determine l(v).
-7
Let g(r) = 6*r**3 - 14*r**2 + 45*r + 35. Let l(c) = -c**3 + 3*c**2 - 9*c - 7. Let w(n) = 2*g(n) + 11*l(n). Calculate w(-6).
11
Let d(g) = -g**2 - 11*g - 13. Suppose 6*c - 2*c + 40 = 0. Let m be d(c). Let p(v) = v**3 + 3*v**2 - v + 3. Give p(m).
6
Let c(p) = p + 3. Let m be 3/(-9) - 11/3. Give c(m).
-1
Let f(r) = -r - 3. Let h be (5/3)/(8/(-24)). What is f(h)?
2
Let y(m) = -m + 2. Let j(k) = -3*k + 4. Let n(a) = -2*j(a) + 5*y(a). Calculate n(-4).
-2
Let p(n) = n**2 + n + 1. Suppose -3*w + 4 = u, 4*w - 2*u - 10 = w. What is p(w)?
7
Let t(k) = k - 5. Let m be t(5). Let r = 110 - 108. Suppose 4*g + r*d + 12 = m, 30 = -2*g + 2*d + 3*d. Let q(v) = v + 11. Give q(g).
6
Suppose 2*u - 11 = -1. Suppose -18 + 1 = z - u*d, -3*d + 12 = 0. Let k(n) = 2*n - 4. Calculate k(z).
2
Suppose 6*s + 12 = 2*s. Let p(l) = -3*l**3 + 3*l + 1. Let k(r) = -16*r**3 + r**2 + 16*r + 5. Let v(c) = 2*k(c) - 11*p(c). What is v(s)?
-7
Let n(z) be the first derivative of -z**4/4 + 2*z**3/3 - z**2/2 + 2*z + 3. Determine n(2).
0
Let n be 6/(-12)*(-12)/(-3). Let h(q) = q**3 - 2*q + 1. Determine h(n).
-3
Let o(k) = 12*k**2 - 3*k**3 + 8 + 2*k**3 - 5*k**2 - k. Let v = 11 - 4. Give o(v).
1
Let z(o) be the second derivative of o**3/6 + o**2/2 - 8*o. What is z(-2)?
-1
Let o(i) = i**3 + 9*i**2 + i + 12. Let j be o(-9). Suppose h - 5*r - 1 - 4 = 0, h - j*r - 5 = 0. Let t(a) = a - 2. What is t(h)?
3
Let k(x) = 5*x. Let m be k(1). Suppose 20 = -2*i + 6*t - 2*t, -5*i - 20 = -4*t. Let q(y) = 2*y - y + i - 1. Give q(m).
4
Let i = 2 + -5. Let h = 3 + i. Let g = h - -3. Let m(j) = 2*j. What is m(g)?
6
Let o(c) = -2*c - 4 - 1 + 2 + 4. Let j(y) = -y**2 + 7*y - 2. Let v be j(6). Give o(v).
-7
Suppose 3*x = 2*l + 10, 0 = 5*x - 2*l - 6 - 8. Suppose 15 = x*r + 3. Let b(t) = 2*t - 9. Determine b(r).
3
Let c be (-1)/4 - (-9)/(-12). Let l(k) be the first derivative of 1/3*k**3 + k + 3/2*k**2 - 2. Determine l(c).
-1
Let y(f) = -7*f**3 - 16*f**2 - 25*f - 21. Let m(h) = -10*h**3 - 24*h**2 - 37*h - 31. Let z(s) = -5*m(s) + 7*y(s). Give z(-6).
20
Let v be (-9 - -1)/(-17 - -19). Let r be 1/(v*2/(-8)). Let y(g) = 15*g**3 - 1. Calculate y(r).
14
Let t(j) = j**3 - 3*j**2 - 3*j + 1. Let h be 44/8 + 3/6. Let x = 9 - h. Give t(x).
-8
Let b(o) be the first derivative of -3*o - 3/2*o**2 + 1/20*o**5 - 2/3*o**3 - 1/6*o**4 - 2. Let r(y) be the first derivative of b(y). Give r(-2).
-11
Let p(a) = 2*a - 9. Let y = -13 + 20. Let u be p(y). Let d(s) = -s**2 + 7*s - 7. Determine d(u).
3
Let w(o) be the first derivative of o**3/3 + o**2/2 + 2. Let j be (6/(-4))/(3/(-4)). Let r be (-2)/(2/(j/1)). Calculate w(r).
2
Suppose 4*l = -17 + 5, -2*u - 3*l - 3 = 0. Let r(i) = i**2 - i - 2. What is r(u)?
4
Suppose -5*c + 2*c + 15 = 2*a, -3*c + 2*a + 3 = 0. Let b(p) = 0*p**3 + 2 + 0*p - p**c + 4*p**2 - p - 3*p. Calculate b(3).
-1
Let s(p) = 3*p - 3. Suppose -z + 8 = 5*j - 2*z, 5*j + 5*z = 20. What is s(j)?
3
Let m(o) = o**3 - o**2 - o. Let w(i) = -3*i**3 + i**2 - i - 4. Let t(y) = -2*m(y) - w(y). What is t(-3)?
-23
Let y(m) = 4*m**3 + m**2 - 3*m - 1. Suppose 10 = -5*v - 0. Determine y(v).
-23
Suppose 3*f - 15 = 0, -5*u + f = 13 + 2. Let a be (u/6)/((-5)/45). Let g(d) = 4*d + a + 0*d - 2. What is g(-2)?
-7
Suppose 2*n - 15 = -3*y + 1, 5*n = -4*y + 33. Let s(i) = -5 - 2 + i**3 - 6*i**y + 2 + 3. Give s(6).
-2
Let l(x) = -6*x**2 + 1. Suppose -3*r + 14 = 56. Let u be 3*(-2 - -3 - r). Let c be (-4)/(-18) - 55/u. What is l(c)?
-5
Suppose -4*j - s + 6 = -j, -2*j - 4 = -2*s. Let i(w) = 4*w**3 + 2*w**2 - 2*w + 1. What is i(j)?
5
Let a(o) = -4 - 2*o + 3 - 2. Suppose -12 + 0 = 3*m. Give a(m).
5
Let c(s) be the second derivative of -2*s**3/3 - s**2 - 3*s. Let g(r) = -r**2 - r. Let w be g(1). Calculate c(w).
6
Let b be -4*(2 - 3) + -2. Let d(j) = -2 + 2 - 2 - b*j. Calculate d(-2).
2
Let i(j) = -j**3 + 7*j**2 + 11*j - 11. Let p = -97 + 105. What is i(p)?
13
Suppose -5*m + a - 62 = 0, m + 0*a + 7 = 2*a. Let d = -8 - m. Let v(x) = x**2 - 7*x + 5. Give v(d).
-5
Let k(o) = o - 1. Let z(t) = -t**2 - 5*t + 4. Let g = -5 - -9. Let j(r) = g*k(r) + z(r). Let p be 9/(-4) + (-3)/(-12). Calculate j(p).
-2
Let h be 768/54 + 4/(-18). Let n(q) = h*q**2 + 203*q - 203*q. Determine n(-1).
14
Let m = 3 - 5. Let w(y) = 2*y**2 + 7. Let f(u) = -u**2 - 3. Let v(q) = -5*f(q) - 2*w(q). Calculate v(m).
5
Let j(o) = 8*o - 6. Suppose 4*k - d = 0, 4*d - 19 = -3*k - 0*d. Let l(s) = s - 1. Let m(y) = k*j(y) - 5*l(y). Give m(2).
5
Let x(c) be the third derivative of c**5/60 + c**4/12 + c**3/2 - c**2. Determine x(-3).
6
Suppose -2*f = 6 - 14. Let b(r) be the second derivative of r**5/120 - 5*r**4/24 - 5*r**3/3 - 2*r. Let a(z) be the second derivative of b(z). Determine a(f).
-1
Let m(o) = 3*o**3 + 5*o**2 - 5*o + 7. Let x(h) = 4*h**3 + 4*h**2 - 4*h + 8. Let a(b) = 3*m(b) - 2*x(b). Determine a(-8).
-3
Let i(d) = -d - 4. Let r be i(-7). Suppose y = -r*y + 8. Let n(q) = -q**2 + 3*q - 3. Calculate n(y).
-1
Let f(s) be the second derivative of s**3/6 + s**2/2 + 2*s. Let l be (-1)/(1/6*2). Determine f(l).
-2
Let y(r) = 1 - 2*r + 3*r - 2. Let d(f) = -f + 2. Suppose -2*v + 3*o = -18, -5*v - 3*o + 1 = -2. Let k(x) = v*y(x) + 4*d(x). Calculate k(4).
1
Let f(p) = -p + 4. Let j(a) = -a + 11. Let s be j(6). Give f(s).
-1
Let k be (-12)/9*(-6)/4. Suppose -5*i = -7 + k. Let v(r) = -8*r - 1. Determine v(i).
-9
Let i(z) = z**2 + 5*z - 4. Let a(w) = w**2 + 12*w - 10. Let m(j) = -j - 1. Let r(s) = a(s) - 5*m(s). Let l be r(-17). Give i(l).
-4
Let x(v) be the second derivative of -v**4/12 + 5*v**3/6 + v**2/2 - 35*v. Give x(4).
5
Suppose 6*g - 2*g = 32. Let u(l) = l - 7. Give u(g).
1
Suppose -5 = -12*g + 13*g. Let p(j) = 4*j**2 + 4*j + 5 - 3*j**2 - 1. Calculate p(g).
9
Suppose 5*g - 2 = -7. Let f(y) = 4 + 2*y + 4*y**2 - 12*y**2 - 3 - 7*y**2. What is f(g)?
-16
Let i(r) = 6*r**2 - 1. Let g be i(1). Let v(u) = -2*u - 1. Give v(g).
-11
Let o(d) be the first derivative of 7/2*d**2 + 4 - 5*d + 1/3*d**3. Give o(-6).
-11
Let k(b) = -b**2 + 4 - 2 + b**3 - 4*b - 2. Give k(3).
6
Let z = 8 - 13. Let d be (-12)/z + (-6)/(-10). Let m(x) = x**2 - 1. Determine m(d).
8
Let i(w) = 1. Let f(v) = -2. Let k(y) = 2*f(y) + 3*i(y). Let z(o) = 2*o - 2. Let x(n) = -4*k(n) + z(n). Calculate x(2).
6
Let w = -1 + 5. Let a(s) = 3*s**2 - 1 - w*s**2 - s**3 - 2*s**2 + 4*s. Suppose 2*b - 16 = n - 2*b, 5*n + 8 = -4*b. Calculate a(n).
-1
Let j(q) = q + 13. Let z(v) = -v - 11. Let f(u) = -5*j(u) - 6*z(u). Give f(-8).
-7
Suppose 1 = w + 5*o + 25, -4*o = w + 19. Let d(l) = 4*l**2 - 4 - 1 + 4. Calculate d(w).
3
Let z = 6 + 4. Let k = z - 6. Let f(o) = 3*o**3 - 4*o**2 + 14*o - 15. Let w(x) = x**3 - x**2 + 5*x - 5. Let a(b) = -3*f(b) + 8*w(b). What is a(k)?
-3
Let p(k) = 3*k - 3. Let i(h) be the second derivative of -3*h**3/2 + 4*h**2 - 2*h. Let m(w) = 4*i(w) + 11*p(w). Give m(-1).
2
Let k(r) = 2*r + 1. Let s be k(3). Let m(x) = x**3 - 8*x**2 + 7*x - 7. Calculate m(s).
-7
Let z(p) be the third derivative of p**4/24 - 5*p**3/6 - p**2. Let j = 28 + -25. Calculate z(j).
-2
Let i = -1 - -2. Let l be ((-3)/i)/(0 + -1). Let o(u) = 0*u**2 + 2*u**2 + l*u - u**3 - 3 + u**2. Calculate o(4).
-7
Suppose -3*q - 2*w = -29, 16 = 4*q - 3*w - 17. Let u = 12 - q. Let c(f) = 2*f**2 - 4*f - 1. Determine c(u).
5
Let d(p) = -4*p - 3*p**2 + 2*p**2 + 0*p**2 - 1. Let h be 2/3*(-3 - 0). What is d(h)?
3
Let q(r) be the first derivative of r**4/4 + 7*r**3/3 + 3*r**2 + 2*r - 1. Let y(u) = u**2 + 3*u + 2. Let d be y(3). Suppose 0 = -4*x - d - 4. Calculate q(x).
2
Let t(f) = 5 + 3*f**2 - 2*f**2 + 8*f + 0*f + 0*f**2. Calculate t(-7).
-2
Let k(m) = -m**2 + 6. Let u be k(3). Let r(x) = -2*x**3 - 5*x**2 - 2*x + 2. Determine r(u).
17
Let f(p) be the first derivative of 0*p - 1/120*p**6 + 0*p**4 + 0*p**5 + 0*p**3 + 1 + 1/2*p**2. Let z(c) be the second derivative of f(c). What is z(1)?
-1
Let l(f) = f**2 - f - 5. Suppose 0 = 4*s + 2*s - 24. What is l(s)?
7
Let b(p) = 2*p**2 + p + 1. Let q = -7 + 0. Let l be (1*2)/(q - -5). Calculate b(l).
2
Let h = 18 - 13. Let o be 20/(-8)*(-4)/h. Let f(b) = o + 4*b**2 + 3*b**2 - 6*b**2 - 4*b. Determine f(3).
-1
Let r = 6 - 4. Suppose 6*u - 5 = r*u + 5*h, -2*h = 10. Let o(t) = -3*t - 7. What is o(u)?
8
Let d(n) be the third derivative of n**6/120 + n